{"id":7650,"date":"2020-04-27T14:14:12","date_gmt":"2020-04-27T12:14:12","guid":{"rendered":"http:\/\/comptow.cluster028.hosting.ovh.net\/?post_type=product&#038;p=7650"},"modified":"2021-05-27T19:30:52","modified_gmt":"2021-05-27T17:30:52","slug":"pate-de-campagne-a-lancienne","status":"publish","type":"product","link":"https:\/\/comptoirlanormande.fr\/index.php\/produit\/pate-de-campagne-a-lancienne\/","title":{"rendered":"P\u00e2t\u00e9 de campagne \u00e0 l&rsquo;ancienne au sel de gu\u00e9rande"},"content":{"rendered":"","protected":false},"excerpt":{"rendered":"<p>250g<\/p>\n<p>la barquette<\/p>\n","protected":false},"featured_media":7611,"template":"","meta":[],"class_list":{"0":"post-7650","1":"product","2":"type-product","3":"status-publish","4":"has-post-thumbnail","6":"product_cat-non-classe","9":"first","10":"instock","11":"shipping-taxable","12":"product-type-simple"},"jetpack_sharing_enabled":true,"_links":{"self":[{"href":"https:\/\/comptoirlanormande.fr\/index.php\/wp-json\/wp\/v2\/product\/7650","targetHints":{"allow":["GET"]}}],"collection":[{"href":"https:\/\/comptoirlanormande.fr\/index.php\/wp-json\/wp\/v2\/product"}],"about":[{"href":"https:\/\/comptoirlanormande.fr\/index.php\/wp-json\/wp\/v2\/types\/product"}],"wp:featuredmedia":[{"embeddable":true,"href":"https:\/\/comptoirlanormande.fr\/index.php\/wp-json\/wp\/v2\/media\/7611"}],"wp:attachment":[{"href":"https:\/\/comptoirlanormande.fr\/index.php\/wp-json\/wp\/v2\/media?parent=7650"}],"curies":[{"name":"wp","href":"https:\/\/api.w.org\/{rel}","templated":true}]}}